or of 11185201?
False
Is 160 a factor of 42122?
False
Is 656093 a multiple of 23?
False
Is 2 a factor of 31544?
True
Is 55965 a multiple of 123?
True
Does 34 divide 9151885?
False
Does 17 divide 329324?
True
Is 3 a factor of 58033?
False
Does 32 divide 3456?
True
Is 271120 a multiple of 19?
False
Is 23 a factor of 1002207?
False
Is 9571355 a multiple of 782?
False
Is 350 a factor of 2066750?
True
Is 865242 a multiple of 218?
True
Does 747 divide 3739482?
True
Is 499 a factor of 6775921?
True
Is 899 a factor of 889111?
True
Is 42 a factor of 141920?
False
Does 34 divide 4343364?
True
Does 461 divide 3005259?
True
Is 87048 a multiple of 52?
True
Does 41 divide 3922913?
False
Does 627 divide 3435955?
False
Is 364426 a multiple of 638?
False
Is 4571487 a multiple of 16?
False
Is 1417463 a multiple of 116?
False
Is 478 a factor of 2210781?
False
Does 5 divide 107403?
False
Does 19 divide 10269538?
True
Is 534429 a multiple of 7?
True
Is 766304 a multiple of 96?
False
Is 11821975 a multiple of 24?
False
Is 4 a factor of 29092?
True
Is 125 a factor of 1173500?
True
Is 1717034 a multiple of 34?
True
Does 57 divide 463531?
False
Is 2110359 a multiple of 191?
True
Does 5 divide 9558415?
True
Is 51 a factor of 2341316?
False
Is 388685 a multiple of 11?
True
Is 31 a factor of 1687621?
False
Is 605 a factor of 1296515?
True
Does 26 divide 32727?
False
Is 491661 a multiple of 13?
False
Does 8 divide 432813?
False
Does 98 divide 202370?
True
Is 50407 a multiple of 19?
True
Is 366 a factor of 7998815?
False
Is 5 a factor of 226587?
False
Is 9817439 a multiple of 69?
False
Is 68598 a multiple of 37?
True
Does 57 divide 98325?
True
Does 86 divide 236586?
True
Does 140 divide 435400?
True
Is 13 a factor of 27129726?
True
Is 115 a factor of 2513831?
False
Is 411 a factor of 18423486?
True
Does 83 divide 1412328?
True
Does 77 divide 10623998?
True
Does 14 divide 3452372?
True
Is 44525 a multiple of 13?
True
Is 36847 a multiple of 36?
False
Is 6 a factor of 800012?
False
Is 6 a factor of 8994?
True
Is 147 a factor of 1311534?
True
Is 247 a factor of 69407?
True
Does 181 divide 1113512?
True
Is 5159840 a multiple of 8?
True
Is 274 a factor of 19571820?
True
Does 21 divide 40728?
False
Does 34 divide 4686644?
False
Is 31496 a multiple of 52?
False
Is 51288 a multiple of 12?
True
Is 989 a factor of 6594652?
True
Is 249 a factor of 282117?
True
Does 23 divide 4235530?
False
Is 643177 a multiple of 10?
False
Is 193 a factor of 785911?
False
Is 88 a factor of 692296?
True
Is 713 a factor of 5685252?
False
Does 322 divide 5372248?
True
Is 11 a factor of 7469481?
False
Does 1683 divide 10035729?
True
Is 499101 a multiple of 159?
True
Is 4047930 a multiple of 9?
True
Is 12 a factor of 2865936?
True
Is 18432 a multiple of 256?
True
Is 17 a factor of 3854036?
True
Is 222567 a multiple of 4?
False
Does 182 divide 2548910?
True
Does 16 divide 489024?
True
Is 317931 a multiple of 2?
False
Does 12 divide 8955993?
False
Is 17286 a multiple of 16?
False
Is 76 a factor of 15617620?
True
Is 941340 a multiple of 15?
True
Is 182093 a multiple of 11?
False
Does 174 divide 97962?
True
Is 153 a factor of 5807727?
True
Does 11 divide 2397813?
True
Does 18 divide 745686?
True
Is 599 a factor of 2278945?
False
Is 42303 a multiple of 451?
False
Is 55 a factor of 8370670?
True
Is 1771614 a multiple of 18?
True
Is 1976554 a multiple of 12?
False
Is 378 a factor of 1473563?
False
Does 136 divide 2080259?
False
Does 24 divide 557412?
False
Is 194715 a multiple of 45?
True
Is 681322 a multiple of 83?
False
Is 304728 a multiple of 78?
False
Is 37708 a multiple of 73?
False
Is 499035 a multiple of 39?
False
Is 112815 a multiple of 545?
True
Is 187 a factor of 12529?
True
Is 190 a factor of 90820?
True
Is 13 a factor of 2364193?
True
Is 232 a factor of 1069288?
True
Does 156 divide 881966?
False
Is 115074 a multiple of 2?
True
Is 13 a factor of 3415499?
False
Is 156497 a multiple of 13?
False
Is 34 a factor of 952749?
False
Does 3 divide 2142?
True
Is 48 a factor of 45312?
True
Is 388583 a multiple of 6?
False
Is 46 a factor of 345552?
True
Does 7 divide 373289?
True
Is 32520 even?
True
Does 25 divide 85925?
True
Is 973095 a multiple of 17?
False
Is 15198 a multiple of 11?
False
Does 152 divide 5419616?
False
Is 735819 a multiple of 21?
True
Is 218772 a multiple of 236?
True
Is 34 a factor of 1594147?
False
Is 159 a factor of 132447?
True
Is 2 a factor of 42645?
False
Is 20 a factor of 2179160?
True
Is 51 a factor of 264231?
True
Is 27482 a multiple of 4?
False
Is 459585 a multiple of 4?
False
Does 415 divide 97110?
True
Is 12 a factor of 51168?
True
Is 1096512 a multiple of 24?
True
Is 2227 a multiple of 17?
True
Does 91 divide 97853?
False
Is 139 a factor of 127463?
True
Is 9370374 a multiple of 169?
True
Does 73 divide 143810?
True
Is 118 a factor of 56754?
False
Is 3400960 a multiple of 128?
True
Is 198480 a multiple of 40?
True
Is 32338 a multiple of 46?
True
Is 42117 a multiple of 7?
False
Does 210 divide 120750?
True
Is 83 a factor of 1831212?
False
Is 37 a factor of 6512407?
True
Does 172 divide 142339?
False
Does 18 divide 2735446?
False
Is 102826 a multiple of 16?
False
Is 33424050 a multiple of 2350?
True
Is 29993 a multiple of 77?
False
Is 359955 a multiple of 95?
True
Is 457208 a multiple of 41?
False
Is 807 a factor of 1434039?
True
Is 2749690 a multiple of 10?
True
Is 217061 a multiple of 188?
False
Is 4945045 a multiple of 119?
True
Is 701013 a multiple of 15?
False
Is 516 a factor of 1190991?
False
Is 8765337 a multiple of 62?
False
Does 320 divide 175680?
True
Does 60 divide 1302600?
True
Is 1686060 a multiple of 58?
True
Is 103 a factor of 104771?
False
Is 447172 a multiple of 53?
False
Is 198 a factor of 575388?
True
Is 558023 a multiple of 181?
True
Is 29320 even?
True
Is 8 a factor of 35032?
True
Is 2808043 a multiple of 30?
False
Is 59422 a multiple of 37?
True
Is 175 a factor of 77967?
False
Is 813 a factor of 5988424?
False
Does 22 divide 32406?
True
Is 9 a factor of 324021?
False
Is 10 a factor of 1292198?
False
Does 47 divide 288439?
True
Is 15 a factor of 167531?
False
Does 32 divide 119252?
False
Does 20 divide 205460?
True
Does 35 divide 104195?
True
Does 27 divide 7975044?
True
Is 213 a factor of 12864254?
False
Is 3966617 a multiple of 6?
False
Does 457 divide 284205?
False
Is 235 a factor of 18107220?
True
Is 1574665 a multiple of 11?
False
Is 15 a factor of 469903?
False
Is 1731342 a multiple of 202?
True
Is 4707466 a multiple of 133?
False
Is 11 a factor of 4312076?
False
Is 327 a factor of 29757?
True
Is 24 a factor of 213768?
True
Is 34 a factor of 20154?
False
Does 1330 divide 11919902?
False
Is 47 a factor of 216576?
True
Does 21 divide 37884?
True
Is 15220 a multiple of 396?
False
Is 81267 a multiple of 3?
True
Is 4 a factor of 2132761?
False
Is 60 a factor of 5168748?
False
Is 182913 a multiple of 410?
False
Is 144191 a multiple of 13?
False
Does 72 divide 1644696?
True
Is 119 a factor of 282395?
False
Is 84 a factor of 565902?
False
Does 448 divide 823376?
False
Does 898 divide 6360748?
False
Does 6 divide 4166702?
False
Is 16849 a multiple of 297?
False
Does 19 divide 1723262?
True
Does 55 divide 5479925?
True
Is 184 a factor of 80960?
True
Does 24 divide 8352552?
True
Does 225 divide 39150?
True
Is 18 a factor of 1064347?
False
Is 46 a factor of 382122?
True
Is 27 a factor of 26379?
True
Is 86 a factor of 133042?
True
Is 1615956 a multiple of 622?
True
Is 107 a factor of 3773034?
True
Is 3661875 a multiple of 21?
True
Is 654721 a multiple of 17?
True
Does 777 divide 495726?
True
Is 168 a factor of 8126689?
False
Does 140 divide 2910180?
True
Is 7 a factor of 877898?
True
Is 2838726 a multiple of 177?
True
Is 173157 a multiple of 59?
False
Is 578133 a multiple of 92?
False
Does 2 divide 47578?
True
Does 3 divide 9573?
True
Is 90 a factor of 82836?
False
Is 85091 a multiple of 2?
False
Is 3 a factor of 16771?
False
Is 21501406 a multiple of 16?
False
Is 20357 a multiple of 7?
False
Is 644890 a multiple of 24?
False
Does 17 divide 212296?
True
Does 83 divide 274456?
False
Does 48 divide 680339?
False
Is 411 a factor of 8164247?
False
Does 106 divide 84588?
True
Is 42451 a multiple of 7?
False
Is 440107 a multiple of 19?
False
Is 213 a factor of 65817?
Tru